 5, what is 12204 - 20?
12134
In base 11, what is 32 - 703?
-681
In base 15, what is -48960 + 0?
-48960
In base 16, what is 2f42 + -33?
2f0f
In base 14, what is 421 - 2da?
125
In base 8, what is -1747 + 2?
-1745
In base 13, what is 11805b - -2?
118060
In base 11, what is 136647 - 4?
136643
In base 14, what is -21611 + 4?
-2160b
In base 6, what is 4432020 + -2?
4432014
In base 8, what is -31 - -12220?
12167
In base 13, what is -13699 + -2?
-1369b
In base 8, what is 4 + 31007?
31013
In base 13, what is 259c4a + 5?
259c52
In base 14, what is -482cb - 0?
-482cb
In base 5, what is -13 - 244422?
-244440
In base 3, what is 122022 + 101221?
1001020
In base 10, what is -151762 - 5?
-151767
In base 16, what is 1fe - 21?
1dd
In base 15, what is 3e04be + -1?
3e04bd
In base 10, what is -19718 - -32?
-19686
In base 2, what is 111000 - -1100011011?
1101010011
In base 3, what is 12 + 101221021?
101221110
In base 8, what is 232 - -364?
616
In base 15, what is -a5 + -dc?
-192
In base 5, what is 0 + 313342?
313342
In base 7, what is -316442 + 14?
-316425
In base 6, what is -1022120 + 0?
-1022120
In base 7, what is 11 - 305460?
-305446
In base 15, what is -402b - -27?
-4004
In base 12, what is -295 + -bb1?
-1286
In base 16, what is -25e5 - 3?
-25e8
In base 10, what is -1168043 - 5?
-1168048
In base 14, what is 3 - -2856?
2859
In base 12, what is 86ab + -9?
86a2
In base 10, what is -12712 + 0?
-12712
In base 11, what is 4 - -14345?
14349
In base 5, what is 32022421 - -1?
32022422
In base 11, what is -41 - 12092?
-12123
In base 5, what is 1112 - 2123?
-1011
In base 6, what is -115030 - -210?
-114420
In base 3, what is -1020220120 + -10?
-1020220200
In base 7, what is 11455 - 4?
11451
In base 11, what is -14231 + -44?
-14275
In base 6, what is -5 + 10110114?
10110105
In base 6, what is 2023 - 11?
2012
In base 11, what is 4 - -104384?
104388
In base 3, what is -12 - 100212102222?
-100212110011
In base 5, what is -114 + 13000?
12331
In base 8, what is 0 + -65671?
-65671
In base 4, what is 32 - -121002310?
121003002
In base 14, what is -3a822 + 20?
-3a802
In base 8, what is -34 + -3467?
-3523
In base 4, what is 130 - 3111321?
-3111131
In base 6, what is -20 + 55034?
55014
In base 13, what is -7 + 11456c?
114565
In base 5, what is -13130203 - 4?
-13130212
In base 7, what is -166 + 1142?
643
In base 3, what is -1220 + 1102122?
1100202
In base 15, what is -8b3d + -1?
-8b3e
In base 13, what is -24a8 - 6?
-24b1
In base 6, what is -1033 - -233?
-400
In base 12, what is 2b + b66?
b95
In base 9, what is -4 - 232004?
-232008
In base 14, what is -150 - 15b?
-2ab
In base 9, what is -1651705 - -1?
-1651704
In base 13, what is 12ab2 + 4?
12ab6
In base 10, what is 2519 - 95?
2424
In base 16, what is -1d + 13?
-a
In base 4, what is 1113010 - 102?
1112302
In base 14, what is 6719 + -b?
670c
In base 3, what is 2022 + 1200220?
1210012
In base 12, what is -18 - -657?
63b
In base 10, what is 4279 - 76?
4203
In base 10, what is 93259 + 0?
93259
In base 9, what is 3 - 118364?
-118361
In base 13, what is -5398 + -114?
-54ac
In base 7, what is 10 + 4563?
4603
In base 2, what is 11010011100110 - -111?
11010011101101
In base 11, what is 14534 + 1?
14535
In base 7, what is -1163436 - -3?
-1163433
In base 11, what is 1561 + -4?
1558
In base 9, what is 753 - 2105?
-1242
In base 3, what is 212210 - -2211?
222121
In base 6, what is 10231415 + 1?
10231420
In base 6, what is 32123520 - -5?
32123525
In base 3, what is -12 - -1022211022?
1022211010
In base 5, what is -421040 - 11?
-421101
In base 7, what is -105013243 - 5?
-105013251
In base 3, what is -1200220220 - 1?
-1200220221
In base 16, what is -c - 2edc?
-2ee8
In base 3, what is 100121121 - 11?
100121110
In base 9, what is -2215730 - -3?
-2215726
In base 2, what is 11 - 10111110100100?
-10111110100001
In base 15, what is 3 - 341e?
-341b
In base 7, what is -5433306 + 3?
-5433303
In base 7, what is 0 - 5510?
-5510
In base 5, what is 1 + 240421?
240422
In base 7, what is 22 - 6145?
-6123
In base 8, what is 3 + -37141?
-37136
In base 6, what is 401 + 3315?
4120
In base 7, what is 3 - 3430646?
-3430643
In base 10, what is 1223 - -1?
1224
In base 16, what is 1e8 + 4bc?
6a4
In base 11, what is 0 - -15649?
15649
In base 16, what is -2 - 71d2?
-71d4
In base 9, what is 6 - -23354?
23361
In base 3, what is 210211122101 - 0?
210211122101
In base 14, what is 5 - 5b52?
-5b4b
In base 9, what is -3762 - 4?
-3766
In base 3, what is 1212011 + 222?
1220010
In base 12, what is -801 + -5?
-806
In base 3, what is -222 - 1100022?
-1101021
In base 5, what is 21204 + -121?
21033
In base 8, what is -46 + -15522?
-15570
In base 4, what is 30 + 3032000?
3032030
In base 13, what is 348 + 28?
373
In base 14, what is 83 + -17a0?
-171b
In base 3, what is 10 - 1202111011?
-1202111001
In base 11, what is -1 - -9237?
9236
In base 9, what is 112120 - 1?
112118
In base 9, what is -26 - -13040?
13013
In base 4, what is 113 - -201211331?
201212110
In base 8, what is 34 - 16151?
-16115
In base 12, what is 8b + -609?
-53a
In base 4, what is -121300320 - 2?
-121300322
In base 6, what is 3 - -530?
533
In base 6, what is 5530 - -114?
10044
In base 7, what is -55 + -1223?
-1311
In base 7, what is 2 + 4600?
4602
In base 16, what is 8 + -2182?
-217a
In base 9, what is 16453 - 17?
16435
In base 6, what is 132 - 2100?
-1524
In base 7, what is -60101 - 0?
-60101
In base 6, what is -1412 + 3430?
2014
In base 8, what is -115314 - 1?
-115315
In base 4, what is 201 + -12131021?
-12130220
In base 11, what is 2137067 + 4?
2137070
In base 7, what is -1405 - 1061?
-2466
In base 16, what is -9 - -fe2b?
fe22
In base 9, what is 303821 - 2?
303818
In base 6, what is 24511505 + -1?
24511504
In base 8, what is -7 + 35627?
35620
In base 4, what is 2311301000 + 11?
2311301011
In base 13, what is 31 + -1a300?
-1a29c
In base 16, what is -2 + -7d79?
-7d7b
In base 10, what is 0 - -988006?
988006
In base 11, what is -15 - -2792?
2778
In base 6, what is -3 - -301441?
301434
In base 5, what is 2 + -244344?
-244342
In base 9, what is -4138 - 85?
-4234
In base 15, what is -2997 - -8?
-298e
In base 2, what is -1100 + -11110110011011?
-11110110100111
In base 5, what is 300003 - 10?
244443
In base 2, what is -101 + 1010110111001001?
1010110111000100
In base 9, what is -21074 - 272?
-21356
In base 5, what is -14004 - -112?
-13342
In base 4, what is -10310 + -310?
-11220
In base 15, what is -27 + -1b4d?
-1b75
In base 7, what is 11 - 340?
-326
In base 8, what is 60 + -2734?
-2654
In base 5, what is -1102 + -4242?
-10344
In base 5, what is -2 + 30442223?
30442221
In base 8, what is 40 - 2463?
-2423
In base 6, what is 3 + 121132?
121135
In base 11, what is -15 - 2aa89?
-2aaa3
In base 12, what is 1099 - 13?
1086
In base 11, what is -390882 + 1?
-390881
In base 2, what is 1010111110001011011001 + 10?
1010111110001011011011
In base 15, what is -4e - -bdb2?
bd63
In base 16, what is -11c1 - -39?
-1188
In base 16, what is -3 - -1b187?
1b184
In base 6, what is -13141 + 43?
-13054
In base 11, what is 1a4210 - -4?
1a4214
In base 11, what is -5 + -123720?
-123725
In base 12, what is 23b76 - 1?
23b75
In base 14, what is -22c3 - 493?
-2776
In base 5, what is 110131 - -11204?
121340
In base 13, what is 58b80 + -18?
58b65
In base 9, what is -5583 - -271?
-5312
In base 11, what is 1a698 - 0?
1a698
In base 12, what is -27 - -3122?
30b7
In base 16, what is 33f4 - d?
33e7
In base 5, what is 10141 + -333?
4303
In base 9, what is -321 + -205?
-526
In base 6, what is 3 - -550303?
550310
In base 13, what is -45 + -1347?
-138c
In base 13, what is -a30c - -3?
-a309
In base 7, what is 520466 - 2?
520464
In base 3, what is -1 - 10220120?
-10220121
In base 16, what is -1a + 5a3?
589
In base 16, what is -1936 - -2c?
-190a
In base 11, what is 234 - 13a?
a5
In base 3, what is 22220010 - 2122?
22210111
In base 8, what is -34766 + -310?
-35276
In base 6, what is 412035 - 14?
412021
In base 9, what is 10 + -10620?
-10610
In base 3, what is -2101020011 - -100?
-2101012211
In base 6, what is -1345 + 5?
-1340
In base 14, what is -1d + 2626?
2607
In base 12, what is 26841 - -1?
26842
In base 4, what is 1230313 - 1?
1230312
In base 6, what is -341 + 110?
-231
In base 11, what is 1496 - 39?
1458
In base 5, what is -2 - 20223133?
-20223140
In base 6, what is 103